nd f?
32
Suppose -4*z + 4*x = -512, 0*z + x = -z + 122. Suppose -4*l - 4*u - 34 = 74, 76 = -4*l + 4*u. Let b = l - -48. What is the highest common factor of z and b?
25
Suppose 24*k = -97*k + 981915. Calculate the greatest common divisor of 30 and k.
15
Let k be (24/(-2))/3 - -9. Suppose -5*v - 16 = 4, -k*v = 5*d - 210. Calculate the highest common factor of 69 and d.
23
Let m(j) be the third derivative of j**5/60 + j**4/4 - 7*j**3/6 - 65*j**2 + j. Let y be m(-9). What is the greatest common factor of 140 and y?
20
Let m = 5765 - 4478. What is the highest common factor of m and 234?
117
Let l(q) = 11*q**2 + 37*q + 5. Let n(v) = 5*v + 46. Let y be n(-10). Let p be l(y). Let a be (-2)/3*(-18)/4. What is the greatest common divisor of a and p?
3
Let y be 3*1*(-188)/(-12). Let r be 24/84 + 1174/7. Let c = 309 - r. What is the highest common divisor of c and y?
47
Let f(n) = 4*n**2. Let y be f(-1). Suppose y*j - 4 = 108. Let v = 389 - 249. What is the greatest common factor of j and v?
28
Let t = -13649 - -14274. Calculate the greatest common factor of t and 25.
25
Suppose -a - 5 - 9 = 4*u, -3*a = 2*u + 2. Suppose 2*v + 3*t - 91 = 30, v - 65 = 3*t. Calculate the highest common factor of v and a.
2
Let x(n) = n**3 + 4*n**2 - 13*n. Let a be x(-6). Suppose -19*p + 52 = -a*p. Calculate the greatest common factor of p and 6.
2
Let p = 66 - 11. Suppose -4*t + 3*j + p = 0, 2*t + 30 = 6*t + 2*j. Calculate the highest common factor of 70 and t.
10
Let j(y) = -120*y + 501. Let v be j(4). Let f = -175 - -280. What is the greatest common factor of v and f?
21
Suppose -17*c = 20*c - 11*c - 520. What is the highest common divisor of c and 2780?
20
Suppose 2*d + c - 1736 = 0, 15*c - 2597 = -3*d + 10*c. Calculate the highest common factor of 55 and d.
11
Suppose -16*v + 2902 + 682 = 0. Let x = 3 - -1. Suppose 0 = -f, -v = -x*o - f + 5*f. What is the highest common factor of 14 and o?
14
Suppose 2*w - 120 = -2*w. Let a = -3 + 24. Let k be 0 - 2615/(-35) - (-6)/a. Calculate the greatest common factor of w and k.
15
Let i = -135 + 140. Let u(r) = 6*r**2 + 11*r. Let o be u(-2). Calculate the highest common factor of o and i.
1
Suppose 10*o - 15 = 13*o, 0 = -v - 2*o + 24. Suppose -40*s + v*s = -48. Calculate the highest common factor of s and 28.
4
Suppose -4*d = -4*k - 159 + 843, -4*k + d = -696. Calculate the greatest common divisor of k and 1425.
25
Let p = -5288 + 5314. Calculate the highest common factor of p and 12038.
26
Suppose -11*w + 12146 = -17136. What is the greatest common factor of w and 66?
22
Suppose -99*d + 78 = -112*d. Let o be 1197/91 + d/39. What is the highest common factor of 26 and o?
13
Let r = -102 + 340. Suppose 8*c - 9 = 103. What is the greatest common factor of r and c?
14
Suppose -2*x + 5*r + 60 = 7, 0 = 3*x - r - 60. Suppose 0 = x*n - 5*n - 196. Suppose 3*v - 102 = -39. What is the greatest common factor of n and v?
7
Suppose 9*v = 26*v + 17. Let c be (3 + 1/v)*(-60 + 104). Let q = -21 - -43. What is the greatest common divisor of q and c?
22
Let z be (-4)/(-6) + (-7456)/(-48). Suppose -13*u - z = -19*u. What is the highest common factor of 130 and u?
26
Let h be (2/(-4))/((-1)/4). Suppose -h*k + k = -36. Let j = 22786 - 22777. Calculate the greatest common factor of j and k.
9
Let t be (65/(-30))/((-4)/24). Suppose i + t = 23. Let c be 9/(-3) + 4 - (-8)/2. What is the highest common divisor of i and c?
5
Suppose -3*y + 27 = 9. Suppose 282*v + 5693 - 19519 = 30166. What is the highest common factor of v and y?
6
Suppose -4*w + 2*w = -2*k - 9164, -w + 4588 = 2*k. What is the greatest common factor of 24 and w?
24
Let d = -82 - -125. Let j = d + -59. Let k = j - -66. Calculate the greatest common factor of k and 20.
10
Suppose 32508 = 144*p - 97092. Calculate the greatest common divisor of 320 and p.
20
Suppose 535*s - 540*s - 4*j + 5504 = 0, 4*s - 4395 = 5*j. Calculate the highest common divisor of s and 308.
44
Let i(a) = -a**2 - 12*a + 934. Let b be i(-36). What is the highest common factor of 3234 and b?
14
Let d = 10967 - 10417. What is the highest common divisor of d and 1850?
50
Let n(o) = -44*o + 3594. Let t be n(80). What is the highest common factor of t and 26?
2
Let v be (4/(3 - -1))/((-5)/(-15)). Let u be (-7)/(-42) - 2948/(-24) - v. What is the highest common divisor of 24 and u?
24
Let g(a) = 18*a - 77 - 6*a + 26. Let j be g(7). What is the highest common divisor of 33 and j?
33
Suppose -637 = 6*j - 2077. Suppose -33 = 3*u - j. Calculate the greatest common divisor of 207 and u.
69
Let s(t) = -47*t - 60. Let q be 189/(-12) + (-12)/48 + 6. Let r be s(q). Calculate the greatest common divisor of 82 and r.
82
Let c(o) = -o**3 + 27*o**2 + 162*o - 45. Let s be c(32). Suppose -4*d + 102 - 26 = 0. Calculate the greatest common factor of d and s.
19
Let g = -20796 - -21129. What is the highest common divisor of g and 9?
9
Let y(s) = 13*s + 109. Let g be y(-7). Suppose -4 - 1 = -5*a. Let d be -12*(0 + a)*-1. What is the greatest common factor of g and d?
6
Let a = -574 - -372. Let l = a + 216. Let w(r) = -r**3 - 9*r**2 - 12*r - 4. Let u be w(-8). Calculate the highest common divisor of l and u.
14
Suppose 3*b - 5*r + 21 = 0, 0 = b + 4*r - 30 + 3. Calculate the greatest common divisor of 1713 and b.
3
Let h(b) = 41*b**2 - 587*b + 3553. Let y be h(6). What is the highest common divisor of y and 33?
11
Suppose 3*u + 2*n - 6*n = 298, 2*u = n + 207. What is the highest common factor of u and 6?
2
Let f(k) = 22*k**2 + 833*k - 73. Let d be f(-38). Let l = -171 - -827. Calculate the highest common divisor of l and d.
41
Let v = 69 - 23. Suppose -450*w + 54129 + 18321 = 0. What is the highest common divisor of w and v?
23
Let o be 250 + (2 + -4)/(-1). Suppose 7*h - 27 = 16*h. Let t(w) = -w**3 + w**2 + 5*w + 7. Let x be t(h). Calculate the highest common factor of x and o.
28
Let y(a) = 1 + 7 + 9*a**2 + 17*a**2 + 6*a**2 + 5*a. Let x be y(-2). Calculate the highest common factor of x and 210.
42
Let c = -2976 - -3216. Calculate the highest common divisor of 1380 and c.
60
Let q be (19 + 0 + -21)/((-1)/702). What is the greatest common divisor of q and 162?
54
Suppose 125*t - 18480 = 81*t. What is the highest common divisor of t and 60?
60
Let c be (-4192)/(-60) + 4/30. Let u be -6 - (7 + -3 - c). What is the highest common factor of 80 and u?
20
Suppose -2*s + 53 - 29 = 0. Let g be (18/s + 0/(-1))*6. Calculate the highest common factor of 171 and g.
9
Suppose 107*w - 7*w = 4900. What is the greatest common divisor of 3 and w?
1
Let b be (-1*(50/5 - 0))/(2/(-39)). Calculate the greatest common factor of b and 33.
3
Suppose 816 = 8690*z - 8554*z. Suppose -4*d = p - 2 + 5, 0 = 4*p + 4*d + 72. Let n = 32 + p. What is the greatest common divisor of z and n?
3
Suppose z = -1319*x + 1323*x - 166, 0 = x + 4*z - 67. Let y be (0 - 1)/(2/(-258)). What is the greatest common factor of y and x?
43
Let y = -19 + 20. Let m be (y - -10)/(19/76). Suppose 5*u - 8 = 12. Calculate the highest common divisor of u and m.
4
Let v = 646 - 321. Suppose 23*l - 5195 = v. Calculate the greatest common divisor of l and 192.
48
Let i(d) = -d**3 - 7*d**2 - 15*d - 8. Let u be i(-5). Suppose 3 = 2*t - u. What is the greatest common divisor of 80 and t?
10
Let w be (-2442)/(-2) - 55/132*12. What is the greatest common divisor of w and 38?
38
Suppose 43 + 6 + 4 = 53*f. Let h be 1*(1 + -2) - -4. What is the greatest common divisor of f and h?
1
Let o be (-375)/(-24) + 770/(-1232). Calculate the greatest common divisor of 8805 and o.
15
Let h = 203 + -123. Let a be 36 + (-12)/(-4) + 1. Suppose -r + 3*r = a. Calculate the highest common factor of h and r.
20
Let m(z) = -4 - z**3 - 4*z**2 + 2*z + 5 - 7*z + 3*z**2. Let y be m(-5). Calculate the highest common divisor of 18 and y.
18
Suppose 6*s - 3*y = s + 490, 196 = 2*s - 3*y. Suppose 4657 = -66*v - 689. Let h = v + s. Calculate the greatest common divisor of h and 153.
17
Let s be 8*(-1 + -4 + 3 + 3). Let z(j) = -j**2 + 11*j - 18. Let m be z(s). Suppose -g + m = -60. What is the greatest common factor of 6 and g?
6
Let u be 2/(-13) - 82/(-26). Suppose 0 = u*a - 186 + 63. Let z = 53 - a. Calculate the greatest common factor of z and 60.
12
Let z = -27 + 31. Suppose z*h + 2*s - 560 = 0, -5*s + 30 + 670 = 5*h. Calculate the highe